3.
77
What is the highest common factor of 22 and 14806?
22
Calculate the highest common factor of 35 and 119.
7
Calculate the greatest common factor of 7 and 10003.
7
Calculate the greatest common divisor of 14 and 315.
7
Calculate the greatest common factor of 29 and 9019.
29
Calculate the greatest common divisor of 250 and 1350.
50
Calculate the highest common factor of 246 and 3075.
123
Calculate the highest common factor of 255 and 9741.
51
Calculate the highest common factor of 2263 and 31.
31
What is the greatest common factor of 31 and 775?
31
What is the greatest common divisor of 2782 and 214?
214
What is the highest common factor of 807 and 4304?
269
Calculate the highest common factor of 216 and 96.
24
What is the greatest common divisor of 1416 and 413?
59
Calculate the highest common factor of 21 and 47565.
21
Calculate the greatest common factor of 74252 and 152.
76
Calculate the greatest common divisor of 473 and 86.
43
What is the greatest common factor of 612 and 8364?
204
What is the highest common factor of 5551 and 7?
7
What is the highest common factor of 115 and 1955?
115
Calculate the highest common divisor of 3922 and 954.
106
Calculate the highest common factor of 14105 and 310.
155
Calculate the greatest common divisor of 186 and 24.
6
Calculate the highest common divisor of 16 and 40.
8
Calculate the greatest common factor of 525 and 35.
35
Calculate the highest common divisor of 130 and 2470.
130
Calculate the greatest common factor of 106 and 2385.
53
Calculate the greatest common factor of 2 and 50.
2
What is the highest common divisor of 10 and 86?
2
Calculate the greatest common divisor of 84 and 924.
84
What is the greatest common factor of 2270 and 110?
10
Calculate the greatest common factor of 234 and 26.
26
Calculate the greatest common divisor of 9560 and 240.
40
Calculate the highest common divisor of 14580 and 80.
20
What is the greatest common factor of 116 and 4?
4
What is the highest common divisor of 60 and 195?
15
What is the highest common factor of 4 and 676?
4
Calculate the highest common divisor of 43400 and 140.
140
Calculate the highest common factor of 183 and 3.
3
Calculate the greatest common divisor of 243 and 18.
9
Calculate the greatest common divisor of 493 and 17.
17
What is the highest common factor of 39 and 216?
3
What is the highest common factor of 4665 and 30?
15
Calculate the greatest common factor of 56 and 160.
8
What is the highest common factor of 3 and 237?
3
Calculate the highest common divisor of 115 and 15.
5
What is the greatest common divisor of 55 and 88?
11
What is the highest common divisor of 5556 and 12?
12
What is the greatest common divisor of 528 and 38?
2
Calculate the greatest common divisor of 308 and 9471.
77
What is the greatest common factor of 4 and 251?
1
What is the highest common factor of 2047 and 89?
89
Calculate the highest common divisor of 9 and 225.
9
Calculate the highest common factor of 155 and 899.
31
What is the highest common factor of 720 and 4896?
144
Calculate the greatest common divisor of 1653 and 29.
29
What is the highest common divisor of 140 and 160?
20
What is the greatest common divisor of 90 and 180?
90
What is the highest common divisor of 2509 and 13?
13
Calculate the highest common divisor of 1545 and 90.
15
Calculate the highest common divisor of 37 and 20276.
37
What is the highest common factor of 33 and 165?
33
Calculate the highest common factor of 6631 and 19.
19
Calculate the greatest common divisor of 14 and 14.
14
What is the greatest common factor of 1333 and 387?
43
What is the highest common factor of 4698 and 27?
27
What is the greatest common divisor of 7 and 553?
7
Calculate the highest common factor of 87 and 7743.
87
Calculate the greatest common factor of 579 and 3.
3
Calculate the greatest common factor of 399 and 437.
19
Calculate the highest common factor of 414 and 54.
18
Calculate the highest common factor of 60 and 185.
5
Calculate the highest common factor of 139 and 973.
139
Calculate the greatest common factor of 254 and 7493.
127
Calculate the greatest common factor of 3782 and 682.
62
Calculate the greatest common factor of 43 and 3397.
43
What is the highest common factor of 480 and 90?
30
What is the highest common factor of 8 and 653?
1
What is the greatest common divisor of 575 and 25?
25
Calculate the greatest common divisor of 1168 and 1241.
73
What is the highest common divisor of 14 and 40?
2
What is the greatest common factor of 580 and 40?
20
What is the highest common factor of 50 and 14?
2
What is the greatest common factor of 275 and 1980?
55
What is the greatest common factor of 2242 and 1888?
118
Calculate the greatest common factor of 1457 and 47.
47
What is the highest common divisor of 6 and 18?
6
Calculate the highest common divisor of 45 and 60.
15
What is the greatest common factor of 319 and 11?
11
Calculate the highest common factor of 13 and 25.
1
What is the highest common factor of 13 and 793?
13
Calculate the greatest common factor of 504 and 954.
18
Calculate the highest common factor of 1892 and 242.
22
What is the highest common factor of 520 and 160?
40
What is the highest common factor of 259 and 14?
7
Calculate the greatest common factor of 354 and 3.
3
Calculate the highest common divisor of 546 and 1729.
91
Calculate the highest common factor of 4736 and 370.
74
Calculate the highest common factor of 400 and 240.
80
Calculate the highest common factor of 799 and 459.
17
Calculate the greatest common divisor of 19926 and 82.
82
What is the highest common divisor of 4498 and 26?
26
Calculate the highest common divisor of 333 and 12543.
111
What is the highest common divisor of 324 and 30?
6
What is the highest common divisor of 460 and 184?
92
What is the highest common divisor of 74 and 703?
37
What is the greatest common factor of 3170 and 450?
10
What is the greatest common factor of 516 and 72?
12
Calculate the greatest common factor of 24 and 2440.
8
What is the greatest common divisor of 8295 and 42?
21
What is the highest common factor of 1440 and 1620?
180
What is the greatest common divisor of 3854 and 328?
82
What is the greatest common factor of 170 and 1785?
85
What is the greatest common divisor of 420 and 3052?
28
What is the highest common factor of 13080 and 120?
120
What is the greatest common divisor of 114 and 6422?
38
Calculate the highest common factor of 495 and 1881.
99
What is the highest common divisor of 29 and 290?
29
Calculate the highest common factor of 108 and 40230.
54
What is the greatest common factor of 15 and 5055?
15
Calculate the greatest common factor of 264 and 1287.
33
What is the greatest common divisor of 456 and 57?
57
Calculate the highest common factor of 48 and 20784.
48
What is the highest common factor of 316 and 20?
4
Calculate the highest common divisor of 1740 and 90.
30
Calculate the greatest common divisor of 26279 and 11.
11
Calculate the highest common divisor of 20 and 70.
10
Calculate the highest common factor of 58380 and 139.
139
Calculate the highest common divisor of 351 and 13.
13
Calculate the highest common factor of 78280 and 152.
152
Calculate the greatest common divisor of 3198 and 39.
39
Calculate the highest common divisor of 9 and 6039.
9
What is the highest common divisor of 2016 and 72?
72
Calculate the greatest common factor of 10 and 10.
10
Calculate the highest common factor of 1812 and 216.
12
Calculate the greatest common divisor of 24 and 204.
12
Calculate the highest common factor of 52 and 832.
52
Calculate the highest common factor of 560 and 800.
80
What is the greatest common factor of 26 and 39?
13
Calculate the greatest common factor of 62 and 8804.
62
What is the highest common divisor of 183 and 10126?
61
Calculate the greatest common factor of 1090 and 5.
5
What is the greatest common factor of 80 and 128?
16
What is the greatest common factor of 37 and 629?
37
Calculate the greatest common factor of 2077 and 31.
31
What is the highest common divisor of 7364 and 263?
263
What is the greatest common divisor of 56 and 427?
7
Calculate the highest common divisor of 540 and 27.
27
Calculate the highest common factor of 12 and 64.
4
What is the highest common divisor of 477 a